is 4 + 8285?
8289
In base 16, what is 19 + -b?
e
In base 3, what is 0 + -102222201?
-102222201
In base 3, what is -2 - -120022022201?
120022022122
In base 3, what is 1110201222 - -21?
1110202020
In base 12, what is -589 - 23?
-5b0
In base 7, what is 3 - 1054141?
-1054135
In base 5, what is 12 + 3313033?
3313100
In base 10, what is -451406 + 3?
-451403
In base 12, what is -373 + b1?
-282
In base 7, what is 2 + -24020?
-24015
In base 12, what is -5 - 605a2?
-605a7
In base 14, what is 280 - 1ac?
b2
In base 7, what is 33 - -551132?
551165
In base 10, what is -7055 + 15?
-7040
In base 13, what is -5 + -1891?
-1896
In base 9, what is 13 + -14147?
-14134
In base 15, what is 3 + 73d61?
73d64
In base 4, what is -3 + 111222031?
111222022
In base 5, what is 32011314 - 2?
32011312
In base 14, what is 31 - -265?
296
In base 16, what is -17 - -2449?
2432
In base 2, what is 1001000110011 + -10001001?
1000110101010
In base 2, what is -1100110100000 + 110011?
-1100101101101
In base 7, what is -2 - -106630?
106625
In base 11, what is 3 - 16117?
-16114
In base 2, what is -10000101110101001110 - 11?
-10000101110101010001
In base 3, what is 11 - -1022210020?
1022210101
In base 9, what is -12 - 81050?
-81062
In base 14, what is 1a - -14d?
169
In base 14, what is 2 + -71bb3?
-71bb1
In base 15, what is cc30 - 5?
cc2a
In base 8, what is -211043 - 16?
-211061
In base 6, what is 1553224 + 13?
1553241
In base 6, what is 2 + -1241035?
-1241033
In base 10, what is 129 + 100?
229
In base 3, what is -102010101 - -12?
-102010012
In base 7, what is 4 + -216536?
-216532
In base 12, what is -73686 - 16?
-736a0
In base 4, what is -1 + -3032?
-3033
In base 12, what is 6355 - 89?
6288
In base 3, what is -102001021 + 102000?
-101122021
In base 14, what is 20 - 9185?
-9165
In base 12, what is -1646b + 4?
-16467
In base 13, what is 17 - -2b086?
2b0a0
In base 4, what is -12333 + -302?
-13301
In base 5, what is 31440220 + 4?
31440224
In base 11, what is -33311a + -5?
-333124
In base 11, what is -9 - -2a674a?
2a6741
In base 11, what is 17589 + -6?
17583
In base 3, what is 100100210 + 222?
100101202
In base 13, what is -340c - 1?
-3410
In base 14, what is 8d4 + -79?
859
In base 8, what is 2 + 12762?
12764
In base 16, what is -8 - -6f8?
6f0
In base 15, what is -4 - 36638?
-3663c
In base 2, what is -10010011111110 + 1000?
-10010011110110
In base 11, what is -1599 + -60?
-1649
In base 3, what is -102202210120 - -1?
-102202210112
In base 11, what is -1138 + -a?
-1147
In base 13, what is 4 - -411?
415
In base 9, what is -2284 + 242?
-2042
In base 14, what is -16 - 264?
-27a
In base 15, what is a3d + 2?
a40
In base 13, what is 88 - -410?
498
In base 2, what is -10010 + -100011010001101000?
-100011010001111010
In base 6, what is -302004 + -3?
-302011
In base 10, what is 3567 - 6?
3561
In base 5, what is -122 - 4400314?
-4400441
In base 14, what is 3 - 5056?
-5053
In base 14, what is -a8c31 + 3?
-a8c2c
In base 13, what is 521494 + -4?
521490
In base 10, what is 119898 - -5?
119903
In base 2, what is 1011000110111000101 - 1?
1011000110111000100
In base 3, what is -11 + -102122101?
-102122112
In base 8, what is 272156 + 4?
272162
In base 14, what is 270a + -45?
26a5
In base 9, what is 47 + 73243?
73301
In base 12, what is 191 - -10015?
101a6
In base 12, what is 204 - -38?
240
In base 7, what is -452 + -40224?
-41006
In base 3, what is -20111222 + -1100?
-20120022
In base 13, what is cc9a - 3?
cc97
In base 5, what is 101113 - 11?
101102
In base 11, what is -37386 - -2?
-37384
In base 7, what is -33 - -253620?
253554
In base 2, what is -101 + -11010100110011101110?
-11010100110011110011
In base 13, what is -5143 + 0?
-5143
In base 13, what is 12 + -21a?
-208
In base 11, what is 747 - -1a7?
943
In base 5, what is 2443 - 330?
2113
In base 12, what is 6864 - 90?
6794
In base 3, what is 22111122100 + -10?
22111122020
In base 2, what is -1000 - 1011001000101101?
-1011001000110101
In base 13, what is -30 + 16906?
168a6
In base 5, what is -212 + 224101?
223334
In base 2, what is 1100 - 1000100001001011?
-1000100000111111
In base 4, what is -11 + -1121331?
-1122002
In base 8, what is -53407 - -6?
-53401
In base 5, what is 11 + -1011144?
-1011133
In base 11, what is -161 + 209?
58
In base 16, what is -b15 - -e5?
-a30
In base 15, what is -1 + -5680?
-5681
In base 3, what is 1 + -2122022201?
-2122022200
In base 15, what is 3 + -2ee?
-2eb
In base 13, what is -4c4b + -201?
-514c
In base 8, what is -5 - 51604?
-51611
In base 10, what is 102 - 279?
-177
In base 16, what is -811 + 4?
-80d
In base 5, what is 44223414 - -4?
44223423
In base 8, what is 4170 + 33?
4223
In base 12, what is -152 - 1a?
-170
In base 10, what is -8 - -36277?
36269
In base 6, what is 30550 - 2?
30544
In base 11, what is 255 - -203?
458
In base 11, what is 5 + -1051639?
-1051634
In base 15, what is -1e33b - 3?
-1e33e
In base 7, what is -2 + 52536?
52534
In base 9, what is -2 - 13386?
-13388
In base 15, what is 3 - -130d?
1311
In base 13, what is 0 + 35c11?
35c11
In base 15, what is -5 - 492c?
-4932
In base 9, what is 153681 + 0?
153681
In base 14, what is -5 + 1460a1?
14609a
In base 8, what is 172 - 131?
41
In base 14, what is -12401 - -2?
-123dd
In base 5, what is 0 - -1141020?
1141020
In base 3, what is 2 - 100112100?
-100112021
In base 7, what is 5 + 14402?
14410
In base 15, what is -2 - -15ae7e?
15ae7c
In base 7, what is -34 - -20514?
20450
In base 4, what is 31230 - -113?
32003
In base 11, what is 98 - -58?
145
In base 4, what is -32 - -312312?
312220
In base 12, what is -3866 + -15b?
-3a05
In base 6, what is -3 + 42244043?
42244040
In base 10, what is -16649 - 52?
-16701
In base 10, what is -456528 - -5?
-456523
In base 4, what is 33011013 + -1?
33011012
In base 16, what is -37 + 4db0?
4d79
In base 3, what is -2 - 2022022201?
-2022022210
In base 6, what is -522 - -20542?
20020
In base 11, what is 119 + -11483?
-11365
In base 14, what is -602 + -15a?
-75c
In base 12, what is 0 - -17388?
17388
In base 13, what is -4490a - 0?
-4490a
In base 4, what is 12301 - 11?
12230
In base 14, what is -639278 + -1?
-639279
In base 6, what is 20 + 22101?
22121
In base 8, what is 375 - 46?
327
In base 5, what is -11444 + -220?
-12214
In base 13, what is 61b - 150?
49b
In base 4, what is 111100312 + 102?
111101020
In base 3, what is 10 + 120122001?
120122011
In base 6, what is -1520441 - -3?
-1520434
In base 5, what is -1232 - 340?
-2122
In base 4, what is -3012 + -3322?
-13000
In base 11, what is 17 + -7?
10
In base 10, what is -20714 - -4?
-20710
In base 11, what is -69785 + -15?
-6979a
In base 3, what is -12101000 - -20012?
-12010211
In base 3, what is 112 - 1021212?
-1021100
In base 14, what is -bc6 + 35?
-b91
In base 14, what is 1935 + -a?
1929
In base 8, what is -20 - 745?
-765
In base 7, what is -35404 + 20?
-35354
In base 10, what is 207 + 3985?
4192
In base 16, what is 1578bc + 2?
1578be
In base 12, what is -347 - -3079?
2932
In base 10, what is -105416 + -15?
-105431
In base 3, what is 22 - 12111101?
-12111002
In base 7, what is 4602 - -310?
5212
In base 16, what is d34f + b?
d35a
In base 5, what is -12120 - -100013?
32343
In base 8, what is -3732 + 4?
-3726
In base 11, what is -3 - 8283?
-8286
In base 13, what is -2 + -3b6?
-3b8
In base 6, what is 1015113051 - 0?
1015113051
In base 8, what is -160150 + 5?
-160143
In base 11, what is -30396 - -5?
-30391
In base 13, what is 8 - -24825?
24830
In base 12, what is 30674 - -6?
3067a
In base 12, what is -9b + 76a?
68b
In base 4, what is -1200223 - -21?
-1200202
In base 11, what is 4a - -10a5?
1144
In base 13, what is -2627 + -13?
-263a
In base 2, what is -101 - 100001011000010?
-100001011000111
In base 6, what is -1512 - -11453?
5541
In base 5, what is -102122 - -43?
-102024
In base 14, what is -3 + 2b405?
2b402
In base 15, what is b45 + b?
b51
In base 8, what is 2 - 2535542?
-2535540
In base 9, what is 6584 + 448?
7143
In base 2, what is -101 - -111110010010111?
111110010010010
In base 6, what is -512 + 205233?
204321
In base 14, what is -1a - -11a?
100
In base 2, what is -11110010111001 - -1?
-11110010111000
In base 15, what is 1ba10 - -c?
1ba1c
In base 6, what is -15 - 2050440?
-2050455
In base 4, what is 20322 - 13112?
1210
In base 7, what is 13415 + -3?
13412
In base 3, what is -112110020 + -